{"text_format":"1","workbook":"xlsx","n_sheets":6,"sheets":["RAN Template","Cortisol and DHEAS Ref Ranges","Instructions For Use","Smoothed Median Creatinine","Sheet1","Sheet2"],"not_rendered":{"charts":0,"images":1,"macros":1,"external_links":0,"defined_names":1,"comments":1,"pivot_tables":0},"unopened":[],"bounds":{"document_bytes":16777216,"sheet_cells":100000,"rows_first":2000,"rows_last":500,"rows_between":2000,"halvings":0,"cell_chars":16384,"cell_head_chars":4096},"cells_cut":0,"cells_raw":0,"read":"whole","date_system":"1900"}

{"sheet":"RAN Template","index":0,"n_rows":197,"n_cols":52,"rows_kept":197,"cut":false,"hidden":false,"merged":[[148,0,153,0],[155,0,160,0],[110,0,114,0],[119,0,122,0],[134,0,139,0],[141,0,146,0],[124,0,130,0],[10,2,10,3],[8,2,9,3],[11,3,12,3],[11,2,12,2],[0,0,8,1],[0,2,7,3],[29,6,31,6],[70,0,75,0],[54,6,55,6],[56,6,57,6],[11,5,12,5],[11,4,12,4],[53,0,60,0],[63,0,68,0],[0,4,7,5],[120,6,122,6],[23,0,27,0],[95,0,100,0],[14,0,18,0],[32,0,39,0],[86,0,90,0],[103,0,105,0],[14,6,18,6],[104,6,106,6],[107,6,108,6],[80,6,82,6],[35,6,37,6],[41,0,51,0],[9,0,10,1],[23,6,25,6]]}
[null,null,"**To ensure this excel sheet works correctly…\nAlways open this excel sheet as 'MACRO ENABLED' (Mac) or click 'ENABLE CONTENT' (PC)\nSelect 'SEX' for the correct reference ranges to appear",null,"**To ensure this excel sheet works correctly…\nAlways open this excel sheet as 'MACRO ENABLED' (Mac) or click 'ENABLE CONTENT' (PC)\nSelect 'SEX' for the correct reference ranges to appear",null,"Age"]
[null,null,null,null,null,null,"BMI"]
[null,null,null,null,null,null,"LAB NAME (i.e QML)"]
[null,null,null,null,null,null,"Date"]
[null,null,null,null,null,null,"Time"]
[null,null,null,null,null,null,"Fasted?"]
[null,null,null,null,null,null,"Rested (no exercise 48hr prior)?"]
[null,null,null,null,null,null,"Hydrated/Dehydrated?"]
[null,null,"RANGES NOT APPLICABLE TO PREGNANT OR BREASTFEEDING WOMEN",null,null,null,"Diet"]
["© 2022 Rachel Arthur Nutrition  All rights reserved. Any reproduction or distribution of this template without permission is prohibited.",null,null,null,null,null,"Meds"]
[null,null,"Click here to find the reference ranges",null,null,null,"Women's Repro"]
["NAME",null,"FEMALE ADULT RCPA REFERENCE RANGE","EXPECTED 'HEALTHY' FASTING FEMALES","MALE ADULT RCPA","EXPECTED 'HEALTHY' FASTING MALES","Supplements"]
["SEX","Male",null,null,null,null,"Health Comments"]
[null,"GENERAL CHEMISTRY",null,null,null,null,"Use this formula to calculate:"]
["Electrolytes & Acid Base Balance","Sodium (mmol/L)","135 - 145","136-140","135 - 145","137 - 143","AG = Na + K - (Cl + Bicarb)"]
[null,"Potassium (mmol/L)","3.5 - 5.2 ","4-4.5","3.5 - 5.2 ","3.8 - 4.55"]
[null,"Chloride (mmol/L)","95 - 110",null,"95 - 110"]
[null,"Bicarbonate (mmol/L)","22 - 32","> 26","22 - 32","> 26"]
[null,"Anion Gap (mmol/L) (AG)","12 - 20 including K*","< 14","12 - 20 including K*","< 14",null,{"$f":"IF(AND(ISBLANK(H15)=FALSE,ISBLANK(H16)=FALSE,ISBLANK(H17)=FALSE,ISBLANK(H18)=FALSE),H15+H16-H17-H18, \"\")","v":""},{"$f":"IF(AND(ISBLANK(I15)=FALSE,ISBLANK(I16)=FALSE,ISBLANK(I17)=FALSE,ISBLANK(I18)=FALSE),I15+I16-I17-I18, \"\")","v":""},"","","","",{"$f":"IF(AND(ISBLANK(N15)=FALSE,ISBLANK(N16)=FALSE,ISBLANK(N17)=FALSE,ISBLANK(N18)=FALSE),N15+N16-N17-N18, \"\")","v":""},"","","","","","","","","","","","",{"$f":"IF(AND(ISBLANK(AA15)=FALSE,ISBLANK(AA16)=FALSE,ISBLANK(AA17)=FALSE,ISBLANK(AA18)=FALSE),AA15+AA16-AA17-AA18, \"\")","v":""},"",{"$f":"IF(AND(ISBLANK(X21AC15)=FALSE,ISBLANK(AC16)=FALSE,ISBLANK(AC17)=FALSE,ISBLANK(AC18)=FALSE),AC15+AC16-AC17-AC18, \"\")","v":""}]
[null,"Calcium (mmol/L)","2.1 - 2.6 ","2.3-2.45","2.1 - 2.6","2.4 - 2.5"]
[null,"Corr Calcium (mmol/L)","2.1 - 2.6 ","2.3-2.45","2.1 - 2.6","2.4 - 2.5"]
[null,"Phosphate (mmol/L)","0.75 - 1.5","0.9 - 1.2","0.75 - 1.5","0.9 - 1.2"]
[null,"Magnesium (mmol/L)","0.7 - 1.1 ","> 0.9","0.7 - 1.1 ","> 0.9","Use this formula to calculate:"]
["Protein & Renal Markers","Urea (mmol/L)","3 - 8","4-5","3 - 8","4-6","U:C = Urea  ÷ (Creatinine X 0.001)"]
[null,"Creatinine (umol/L)","45 - 90 ","*body size dep","60 - 110 ","*body size dep"]
[null,"Urea to Creatinine Ratio (U:C)",null,"70 to 90","-","70 to 90",null,{"$f":"IF(AND(ISBLANK(H24)=FALSE,ISBLANK(H25)=FALSE),H24/(0.001*H25),\"\")","v":""},{"$f":"IF(AND(ISBLANK(I24)=FALSE,ISBLANK(I25)=FALSE),I24/(0.001*I25),\"\")","v":""},"","","","",{"$f":"IF(AND(ISBLANK(N24)=FALSE,ISBLANK(N25)=FALSE),N24/(0.001*N25),\"\")","v":""},"","","","","","","","","","","","",{"$f":"IF(AND(ISBLANK(AA24)=FALSE,ISBLANK(AA25)=FALSE),AA24/(0.001*AA25),\"\")","v":""},"",""]
[null,"Estimated GFR",">60",">90",">60"]
[null,"Uric acid (Urate) (mmol/L)","0.15 - 0.4 ","0.2 to < 0.35","0.2 - 0.45","0.2 - 0.35"]
[null,"Protein Total (g/L)","60 - 80",null,"60 - 80 ",null,"Use this formula to calculate:"]
[null,"Albumin (g/L)","32 - 45","40 - 43","32 - 45","40 - 44","AGR = Albumin ÷ Globulin"]
[null,"Globulin (g/L)","25 - 35","25-30","25 - 35","25-30"]
[null,"Albumin to Globulin Ratio (AGR)","-","> 1.2","-","> 1.2",null,{"$f":"IF(AND(ISBLANK(H30)=FALSE,ISBLANK(H31)=FALSE),H30/H31,\"\")","v":""},{"$f":"IF(AND(ISBLANK(I30)=FALSE,ISBLANK(I31)=FALSE),I30/I31,\"\")","v":""},"","","","",{"$f":"IF(AND(ISBLANK(N30)=FALSE,ISBLANK(N31)=FALSE),N30/N31,\"\")","v":""},"","","","","","","","","","","","",{"$f":"IF(AND(ISBLANK(AA30)=FALSE,ISBLANK(AA31)=FALSE),AA30/AA31,\"\")","v":""},"",""]
["Liver Markers","Total Bilirubin (umol/L)","<20","8-12","< 20","8-12"]
[null,"Conjugated Bilirubin (umol/L)","< 7",null,"< 7"]
[null,"ALP (U/L)","30-110 up to 150 in <22yo","50-70","30-110 up to 150 in <22yo","60-90","Use this formula to calculate:"]
[null,"AST (U/L)","< 40","13-22","< 40","13-22","AST:ALT = AST ÷ ALT "]
[null,"ALT (U/L)","< 35","13-19","< 35","13-25"]
[null,"AST:ALT De Ritis Ratio",null,"1.15 - 1.7","-","1.15 - 1.3",null,{"$f":"IF(AND(ISBLANK(H36)=FALSE,ISBLANK(H37)=FALSE),H36/H37,\"\")","v":""},{"$f":"IF(AND(ISBLANK(I36)=FALSE,ISBLANK(I37)=FALSE),I36/I37,\"\")","v":""},"","","","",{"$f":"IF(AND(ISBLANK(N36)=FALSE,ISBLANK(N37)=FALSE),N36/N37,\"\")","v":""},"","","","","","","","","","","","",{"$f":"IF(AND(ISBLANK(AA36)=FALSE,ISBLANK(AA37)=FALSE),AA36/AA37,\"\")","v":""},"",""]
[null,"GGT (U/L)","< 30","< 19","< 50","< 28"]
[null,"LDH (U/L)","120 - 250 U/L","< 200","120 - 250 U/L","< 200"]
[]
["FBC","HAEMATOLOGY/FBC"]
[null,"Haemoglobin (g/L)","> 120","120-145","> 130","135-155","Use this formula to calculate:"]
[null,"Red cell count (RCC) (10*12/L)","3.8 - 5.8","4-5","4.5 - 6.5","5 - 5.5 "]
[null,"Haematocrit (g/L)","0.37 - 0.47    ","0.38 - 0.42","0.40 - 0.54.","0.4-0.44","Only use in anaemia"]
[null,"Mean cell volume (MCV) (fL)","80-  100","88-95","80 - 100","88 - 94","Mentzer Index =  MCV ÷ RCC"]
[null,"RDW","11 - 16","<13.5","11 - 16","<13.5","< 13 Thalassaemia likely"]
[null,"Mean cell haemoglobin (MCH) (pg)","27 - 32*",">30","27 - 32*","> 30","> 13 IDA likely"]
[null,"Mean corp. haem. conc. (MCHC) (g/L)","320 - 360*",null,"320 - 360*"]
[null,"Platelets  x (10*9/L)","150 - 450*","200-300","150 - 450*","180 - 280"]
[null,"Reticulocyte count x (10*9/L)","10-100",null,"10-100"]
[null,"Mentzer Index",null,null,"-",null,null,{"$f":"IF(AND(ISBLANK(H46)=FALSE,ISBLANK(H44)=FALSE),H46/H44,\"\")","v":""},{"$f":"IF(AND(ISBLANK(I46)=FALSE,ISBLANK(I44)=FALSE),I46/I44,\"\")","v":""},"","","","","","","","","","","","","","","","","","","","","","","","","","","","","","","","","","","","","","","","","","",""]
[]
["WCC","Total White Cell Count (10*9/L)","4.0 - 11.0*",null,"4.0 - 11.0*",null,"Use this formula to calculate:"]
[null,"Neutrophils (10*9/L)","2.0 - 7.5","3 - 4","2.0 - 7.5","3 - 3.5","Neutrophils  ÷ Lymphocytes"]
[null,"Lymphocytes (10*9/L)","1.5 - 4.0","1.5 - 2.5 ","1.5 - 4.0","1.5 - 2.5"]
[null,"Neutrophil Lymphocyte Ratio",null,"< 2 - 2.4","-","< 2","Platelets  ÷ Lymphocytes",{"$f":"IF(AND(ISBLANK(H55)=FALSE,ISBLANK(H56)=FALSE),H55/H56,\"\")","v":""},{"$f":"IF(AND(ISBLANK(I55)=FALSE,ISBLANK(I56)=FALSE),I55/I56,\"\")","v":""},"","","","",{"$f":"IF(AND(ISBLANK(N55)=FALSE,ISBLANK(N56)=FALSE),N55/N56,\"\")","v":""},"","","","","","","","","","","","",{"$f":"IF(AND(ISBLANK(AA55)=FALSE,ISBLANK(AA56)=FALSE),AA55/AA56,\"\")","v":""},"",""]
[null,"Platelet Lymphocyte Ratio",null,"<140","-","< 140",null,{"$f":"IF(AND(ISBLANK(H50)=FALSE,ISBLANK(H56)=FALSE),H50/H56,\"\")","v":""},{"$f":"IF(AND(ISBLANK(I50)=FALSE,ISBLANK(I56)=FALSE),I50/I56,\"\")","v":""},"","","","",{"$f":"IF(AND(ISBLANK(N50)=FALSE,ISBLANK(N56)=FALSE),N50/N56,\"\")","v":""},"","","","","","","","","","","","",{"$f":"IF(AND(ISBLANK(AA50)=FALSE,ISBLANK(AA56)=FALSE),AA50/AA56,\"\")","v":""},"",""]
[null,"Monocytes (10*9/L)","0.2 - 0.8","0.3-0.4","0.2 - 0.8","0.3-0.4"]
[null,"Eosinophils (10*9/L)","0.04 - 0.40","0.1-0.2","0.04 - 0.40","0.1-0.2"]
[null,"Basophils (10*9/L)","<0.1","0.01-0.03","<0.1","0.01-0.03"]
[]
[null,"ANAEMIA PROFILE"]
["Iron Studies","Iron (umol/L)","5 - 30*",null,"-"]
[null,"Transferrin (g/L)","2 - 3.6*","<2.6","-","<2.6"]
[null,"Transferrin Saturation (%)","13 - 45*","20-30","-","30-40"]
[null,"Total Iron Binding Capacity (TIBC)","44 - 74*",null,"-"]
[null,"Ferritin (ug/L)","20-220 Mx & 30-370 non","30-100","30 - 620","50-300"]
[null,"HFE genotype e.g. C282Y, H63D","-",null,"-"]
[]
["Methyl donors","Serum B12 (pmol/L)","120 - 680","> 400","120 - 680","> 400"]
[null,"Active B12 (TCII)","> 35*","> 100","> 35*","> 100"]
[null,"Serum Folate (nmol/L)","7 - 45",null,"-"]
[null,"Homocysteine (umol/L)","5 - 15 but < 10 if CVD","5-8","5 - 15 but < 10 if CVD","5-8"]
[null,"RBC Folate (nmol/L)","360-1400",null,"360-1400"]
[null,"MTHFR genotype e.g. C677T ",null,null,"-"]
[]
[null,"INFLAMMATORY MARKERS - Acute phase reactants"]
[null,"ESR (mm/hr)","0 - 20*","<10"," 0 - 20*","<10"]
[null,"CRP (mg/L)","< 5 but ≤ 1 if CVD","<1","< 5 but ≤ 1 if CVD","<1","Use this formula to calculate:"]
[null,"Plasma Zinc (umol/L)","12 - 20","≥ 14","12 - 20","≥ 14","Zn:Cu = Zn ÷ Cu"]
[null,"Serum Copper (umol/L)","13 - 22",null,"13 - 22"]
[null,"Zinc:Copper (Zn:Cu)","-","Approx. 1:1","-","Approx 1:1",null,{"$f":"IF(AND(ISBLANK(H81)=FALSE,ISBLANK(H82)=FALSE),H81/H82,\"\")","v":""},{"$f":"IF(AND(ISBLANK(I81)=FALSE,ISBLANK(I82)=FALSE),I81/I82,\"\")","v":""},"","","","",{"$f":"IF(AND(ISBLANK(N81)=FALSE,ISBLANK(N82)=FALSE),N81/N82,\"\")","v":""},"","","","","","","","","","","","",{"$f":"IF(AND(ISBLANK(AA81)=FALSE,ISBLANK(AA82)=FALSE),AA81/AA82,\"\")","v":""},"",""]
[null,"Ceruloplasmin (g/L)","0.24 - 0.60",null,"0.24 - 0.60"]
[]
[null,"LIPIDS & GLUCOSE"]
["Lipids","Total  Cholesterol (mmol/L)","< 4 optimal",null,"< 4 optimal"]
[null,"Triglycerides (mmol/L)","< 1.7 fasting","< 1","< 1.7 fasting","< 1"]
[null,"HDL (mmol/L)","> 1 optimal","1.5 - 2.5","> 1 optimal","1.1 - 2"]
[null,"LDL (mmol/L)","<2.5 'optimal' ",null,"< 2.5 'optimal'"]
[null,"Non-HDL Cholesterol (mmol/L)","-",null,"-"]
[null,"Apo B (g/L)","<0.9",null,"<0.9"]
[null,"Apo A-1 (g/L)","1-1.8",null,"1-1.8"]
[null,"ApoB: ApoA-1",null,"<0.9","-","< 0.9"]
[]
["Blood glucose management","Fasting glucose (mmol/L)","3.0 - 5.4","< 5","3.0 - 5.4","< 5"]
[null,"Fasting insulin (mU/L)","4 - 10 fasting","Approx 4","4 - 10 fasting","Approx 4"]
[null,"HOMA-IR",null,"<2","-","< 2",null,{"$f":"IF(AND(ISBLANK(H96)=FALSE,ISBLANK(H97)=FALSE),H96*H97/22.5,\"\")","v":""},{"$f":"IF(AND(ISBLANK(I96)=FALSE,ISBLANK(I97)=FALSE),I96*I97/22.5,\"\")","v":""},"","","","",{"$f":"IF(AND(ISBLANK(N96)=FALSE,ISBLANK(N97)=FALSE),N96*N97/22.5,\"\")","v":""},"","","","","","","","","","","","",{"$f":"IF(AND(ISBLANK(AA96)=FALSE,ISBLANK(AA97)=FALSE),AA96*AA97/22.5,\"\")","v":""},"",""]
[null,"Random glucose (mmol/L)","3.0 - 7.7",null,"3.0 - 7.7"]
[null,"HbA1C (%)","3.5 - 6 optimal","< 5","3.5 - 6 optimal","< 5"]
[null,"Estimated avg. glucose (eAG) mmol/L",null,null,"-",null,null,{"$f":"IF(ISBLANK(H100)=FALSE,(28.7*H100-46.7)*0.05555,\"\")","v":""},{"$f":"IF(ISBLANK(I100)=FALSE,(28.7*I100-46.7)*0.05555,\"\")","v":""},"","","","",{"$f":"IF(ISBLANK(N100)=FALSE,(28.7*N100-46.7)*0.05555,\"\")","v":""},"","","","","","","","","","","","",{"$f":"IF(ISBLANK(AA100)=FALSE,(28.7*AA100-46.7)*0.05555,\"\")","v":""},"",""]
[]
[null,"THYROID FUNCTION"]
["TFT","TSH (mIU/L)","0.40 - 4.0","1-2","0.40 - 4.0","1-2","Use this formula to calculate:"]
[null,"Free T4 (pmol/L)","10 - 25","13-16","10 - 25","> 15","T4:T3 = T4 ÷ T3 "]
[null,"Free T3 (pmol/L)","4 - 8",null,"4 - 8"]
[null,"T4:T3","-","Approx. 3:1","-","Approx 3:1",null,{"$f":"IF(AND(ISBLANK(H105)=FALSE,ISBLANK(H106)=FALSE),H105/H106,\"\")","v":""},{"$f":"IF(AND(ISBLANK(I105)=FALSE,ISBLANK(I106)=FALSE),I105/I106,\"\")","v":""},"","","","",{"$f":"IF(AND(ISBLANK(N105)=FALSE,ISBLANK(N106)=FALSE),N105/N106,\"\")","v":""},"","","","","","","","","","","","",{"$f":"IF(AND(ISBLANK(AA105)=FALSE,ISBLANK(AA106)=FALSE),AA105/AA106,\"\")","v":""},"",""]
[null,"RT3 (pmol/L)","-",null,"-",null,"rT3:T3 = rT3 ÷ T3"]
[null,"rT3:T3","-","<100:1","-","<100:1",null,{"$f":"IF(AND(ISBLANK(H108)=FALSE,ISBLANK(H106)=FALSE),H108/H106,\"\")","v":""},"","","","","",{"$f":"IF(AND(ISBLANK(N108)=FALSE,ISBLANK(N106)=FALSE),N108/N106,\"\")","v":""},"","","","","","","","","","","","",{"$f":"IF(AND(ISBLANK(AA108)=FALSE,ISBLANK(AA106)=FALSE),AA108/AA106,\"\")","v":""},"",""]
[]
["Thyroid Abs","Thyroperoxidase Abs (TPO Abs)","-",null,"-"]
[null,"Lab provided cutoff"]
[null,"Thyroglobulin Abs (Tg Abs)","-",null,"-"]
[null,"Lab provided cutoff"]
[null,"TSH receptor Abs (TRAB)","-",null,"-"]
[null,"Lab provided cutoff"]
[null,"Thyroid-stimulating Ig (TSI)"]
[null,"Lab provided cutoff"]
[]
["Thyroid Nutrition","Serum / Plasma Selenium (umol/L)","0.75 - 1.35","1.6-1.9","0.75 - 1.35","1.6-1.9","Use this formula to calculate:"]
[null,"Random urinary Iodine (ug/L)","> 100 WHO",null,"> 100 WHO",null,"Corrected Urinary Iodine = (Iodine ÷ Normalised Creatinine)"]
[null,"Random urinary creatinine (mmol/L)",null,null,"-"]
[null,"Corrected urinary iodine (mcg/gCR)","-",">100","-",">100",null,{"$f":"IF(AND(ISBLANK(H121)=FALSE,ISBLANK(H122)=FALSE,ISBLANK(H1)=FALSE),(H121/(H122/(IF($B$13 = \"Female\", VLOOKUP(H1,'Smoothed Median Creatinine'!$A$2:$C$102,2,FALSE),VLOOKUP(H1,'Smoothed Median Creatinine'!$A$2:$C$102,3,FALSE))))),\"\")","v":""},{"$f":"IF(AND(ISBLANK(I121)=FALSE,ISBLANK(I122)=FALSE,ISBLANK(I1)=FALSE),(I121/(I122/(IF($B$13 = \"Female\", VLOOKUP(I1,'Smoothed Median Creatinine'!$A$2:$C$102,2,FALSE),VLOOKUP(I1,'Smoothed Median Creatinine'!$A$2:$C$102,3,FALSE))))),\"\")","v":""},{"$f":"IF(AND(ISBLANK(J121)=FALSE,ISBLANK(J122)=FALSE,ISBLANK(J1)=FALSE),(J121/(J122/(IF($B$13 = \"Female\", VLOOKUP(J1,'Smoothed Median Creatinine'!$A$2:$C$102,2,FALSE),VLOOKUP(J1,'Smoothed Median Creatinine'!$A$2:$C$102,3,FALSE))))),\"\")","v":""},{"$f":"IF(AND(ISBLANK(K121)=FALSE,ISBLANK(K122)=FALSE,ISBLANK(K1)=FALSE),(K121/(K122/(IF($B$13 = \"Female\", VLOOKUP(K1,'Smoothed Median Creatinine'!$A$2:$C$102,2,FALSE),VLOOKUP(K1,'Smoothed Median Creatinine'!$A$2:$C$102,3,FALSE))))),\"\")","v":""},{"$f":"IF(AND(ISBLANK(L121)=FALSE,ISBLANK(L122)=FALSE,ISBLANK(L1)=FALSE),(L121/(L122/(IF($B$13 = \"Female\", VLOOKUP(L1,'Smoothed Median Creatinine'!$A$2:$C$102,2,FALSE),VLOOKUP(L1,'Smoothed Median Creatinine'!$A$2:$C$102,3,FALSE))))),\"\")","v":""},{"$f":"IF(AND(ISBLANK(M121)=FALSE,ISBLANK(M122)=FALSE,ISBLANK(M1)=FALSE),(M121/(M122/(IF($B$13 = \"Female\", VLOOKUP(M1,'Smoothed Median Creatinine'!$A$2:$C$102,2,FALSE),VLOOKUP(M1,'Smoothed Median Creatinine'!$A$2:$C$102,3,FALSE))))),\"\")","v":""},{"$f":"IF(AND(ISBLANK(N121)=FALSE,ISBLANK(N122)=FALSE,ISBLANK(N1)=FALSE),(N121/(N122/(IF($B$13 = \"Female\", VLOOKUP(N1,'Smoothed Median Creatinine'!$A$2:$C$102,2,FALSE),VLOOKUP(N1,'Smoothed Median Creatinine'!$A$2:$C$102,3,FALSE))))),\"\")","v":""},{"$f":"IF(AND(ISBLANK(O121)=FALSE,ISBLANK(O122)=FALSE,ISBLANK(O1)=FALSE),(O121/(O122/(IF($B$13 = \"Female\", VLOOKUP(O1,'Smoothed Median Creatinine'!$A$2:$C$102,2,FALSE),VLOOKUP(O1,'Smoothed Median Creatinine'!$A$2:$C$102,3,FALSE))))),\"\")","v":""},{"$f":"IF(AND(ISBLANK(P121)=FALSE,ISBLANK(P122)=FALSE,ISBLANK(P1)=FALSE),(P121/(P122/(IF($B$13 = \"Female\", VLOOKUP(P1,'Smoothed Median Creatinine'!$A$2:$C$102,2,FALSE),VLOOKUP(P1,'Smoothed Median Creatinine'!$A$2:$C$102,3,FALSE))))),\"\")","v":""},{"$f":"IF(AND(ISBLANK(Q121)=FALSE,ISBLANK(Q122)=FALSE,ISBLANK(Q1)=FALSE),(Q121/(Q122/(IF($B$13 = \"Female\", VLOOKUP(Q1,'Smoothed Median Creatinine'!$A$2:$C$102,2,FALSE),VLOOKUP(Q1,'Smoothed Median Creatinine'!$A$2:$C$102,3,FALSE))))),\"\")","v":""},{"$f":"IF(AND(ISBLANK(R121)=FALSE,ISBLANK(R122)=FALSE,ISBLANK(R1)=FALSE),(R121/(R122/(IF($B$13 = \"Female\", VLOOKUP(R1,'Smoothed Median Creatinine'!$A$2:$C$102,2,FALSE),VLOOKUP(R1,'Smoothed Median Creatinine'!$A$2:$C$102,3,FALSE))))),\"\")","v":""},{"$f":"IF(AND(ISBLANK(S121)=FALSE,ISBLANK(S122)=FALSE,ISBLANK(S1)=FALSE),(S121/(S122/(IF($B$13 = \"Female\", VLOOKUP(S1,'Smoothed Median Creatinine'!$A$2:$C$102,2,FALSE),VLOOKUP(S1,'Smoothed Median Creatinine'!$A$2:$C$102,3,FALSE))))),\"\")","v":""},{"$f":"IF(AND(ISBLANK(T121)=FALSE,ISBLANK(T122)=FALSE,ISBLANK(T1)=FALSE),(T121/(T122/(IF($B$13 = \"Female\", VLOOKUP(T1,'Smoothed Median Creatinine'!$A$2:$C$102,2,FALSE),VLOOKUP(T1,'Smoothed Median Creatinine'!$A$2:$C$102,3,FALSE))))),\"\")","v":""},{"$f":"IF(AND(ISBLANK(U121)=FALSE,ISBLANK(U122)=FALSE,ISBLANK(U1)=FALSE),(U121/(U122/(IF($B$13 = \"Female\", VLOOKUP(U1,'Smoothed Median Creatinine'!$A$2:$C$102,2,FALSE),VLOOKUP(U1,'Smoothed Median Creatinine'!$A$2:$C$102,3,FALSE))))),\"\")","v":""},{"$f":"IF(AND(ISBLANK(V121)=FALSE,ISBLANK(V122)=FALSE,ISBLANK(V1)=FALSE),(V121/(V122/(IF($B$13 = \"Female\", VLOOKUP(V1,'Smoothed Median Creatinine'!$A$2:$C$102,2,FALSE),VLOOKUP(V1,'Smoothed Median Creatinine'!$A$2:$C$102,3,FALSE))))),\"\")","v":""},{"$f":"IF(AND(ISBLANK(W121)=FALSE,ISBLANK(W122)=FALSE,ISBLANK(W1)=FALSE),(W121/(W122/(IF($B$13 = \"Female\", VLOOKUP(W1,'Smoothed Median Creatinine'!$A$2:$C$102,2,FALSE),VLOOKUP(W1,'Smoothed Median Creatinine'!$A$2:$C$102,3,FALSE))))),\"\")","v":""},{"$f":"IF(AND(ISBLANK(X121)=FALSE,ISBLANK(X122)=FALSE,ISBLANK(X1)=FALSE),(X121/(X122/(IF($B$13 = \"Female\", VLOOKUP(X1,'Smoothed Median Creatinine'!$A$2:$C$102,2,FALSE),VLOOKUP(X1,'Smoothed Median Creatinine'!$A$2:$C$102,3,FALSE))))),\"\")","v":""},{"$f":"IF(AND(ISBLANK(Y121)=FALSE,ISBLANK(Y122)=FALSE,ISBLANK(Y1)=FALSE),(Y121/(Y122/(IF($B$13 = \"Female\", VLOOKUP(Y1,'Smoothed Median Creatinine'!$A$2:$C$102,2,FALSE),VLOOKUP(Y1,'Smoothed Median Creatinine'!$A$2:$C$102,3,FALSE))))),\"\")","v":""},{"$f":"IF(AND(ISBLANK(Z121)=FALSE,ISBLANK(Z122)=FALSE,ISBLANK(Z1)=FALSE),(Z121/(Z122/(IF($B$13 = \"Female\", VLOOKUP(Z1,'Smoothed Median Creatinine'!$A$2:$C$102,2,FALSE),VLOOKUP(Z1,'Smoothed Median Creatinine'!$A$2:$C$102,3,FALSE))))),\"\")","v":""},{"$f":"IF(AND(ISBLANK(AA121)=FALSE,ISBLANK(AA122)=FALSE,ISBLANK(AA1)=FALSE),(AA121/(AA122/(IF($B$13 = \"Female\", VLOOKUP(AA1,'Smoothed Median Creatinine'!$A$2:$C$102,2,FALSE),VLOOKUP(AA1,'Smoothed Median Creatinine'!$A$2:$C$102,3,FALSE))))),\"\")","v":""},{"$f":"IF(AND(ISBLANK(AB121)=FALSE,ISBLANK(AB122)=FALSE,ISBLANK(AB1)=FALSE),(AB121/(AB122/(IF($B$13 = \"Female\", VLOOKUP(AB1,'Smoothed Median Creatinine'!$A$2:$C$102,2,FALSE),VLOOKUP(AB1,'Smoothed Median Creatinine'!$A$2:$C$102,3,FALSE))))),\"\")","v":""},{"$f":"IF(AND(ISBLANK(AC121)=FALSE,ISBLANK(AC122)=FALSE,ISBLANK(AC1)=FALSE),(AC121/(AC122/(IF($B$13 = \"Female\", VLOOKUP(AC1,'Smoothed Median Creatinine'!$A$2:$C$102,2,FALSE),VLOOKUP(AC1,'Smoothed Median Creatinine'!$A$2:$C$102,3,FALSE))))),\"\")","v":""},{"$f":"IF(AND(ISBLANK(AD121)=FALSE,ISBLANK(AD122)=FALSE,ISBLANK(AD1)=FALSE),(AD121/(AD122/(IF($B$13 = \"Female\", VLOOKUP(AD1,'Smoothed Median Creatinine'!$A$2:$C$102,2,FALSE),VLOOKUP(AD1,'Smoothed Median Creatinine'!$A$2:$C$102,3,FALSE))))),\"\")","v":""},{"$f":"IF(AND(ISBLANK(AE121)=FALSE,ISBLANK(AE122)=FALSE,ISBLANK(AE1)=FALSE),(AE121/(AE122/(IF($B$13 = \"Female\", VLOOKUP(AE1,'Smoothed Median Creatinine'!$A$2:$C$102,2,FALSE),VLOOKUP(AE1,'Smoothed Median Creatinine'!$A$2:$C$102,3,FALSE))))),\"\")","v":""},{"$f":"IF(AND(ISBLANK(AF121)=FALSE,ISBLANK(AF122)=FALSE,ISBLANK(AF1)=FALSE),(AF121/(AF122/(IF($B$13 = \"Female\", VLOOKUP(AF1,'Smoothed Median Creatinine'!$A$2:$C$102,2,FALSE),VLOOKUP(AF1,'Smoothed Median Creatinine'!$A$2:$C$102,3,FALSE))))),\"\")","v":""},{"$f":"IF(AND(ISBLANK(AG121)=FALSE,ISBLANK(AG122)=FALSE,ISBLANK(AG1)=FALSE),(AG121/(AG122/(IF($B$13 = \"Female\", VLOOKUP(AG1,'Smoothed Median Creatinine'!$A$2:$C$102,2,FALSE),VLOOKUP(AG1,'Smoothed Median Creatinine'!$A$2:$C$102,3,FALSE))))),\"\")","v":""},{"$f":"IF(AND(ISBLANK(AH121)=FALSE,ISBLANK(AH122)=FALSE,ISBLANK(AH1)=FALSE),(AH121/(AH122/(IF($B$13 = \"Female\", VLOOKUP(AH1,'Smoothed Median Creatinine'!$A$2:$C$102,2,FALSE),VLOOKUP(AH1,'Smoothed Median Creatinine'!$A$2:$C$102,3,FALSE))))),\"\")","v":""},{"$f":"IF(AND(ISBLANK(AI121)=FALSE,ISBLANK(AI122)=FALSE,ISBLANK(AI1)=FALSE),(AI121/(AI122/(IF($B$13 = \"Female\", VLOOKUP(AI1,'Smoothed Median Creatinine'!$A$2:$C$102,2,FALSE),VLOOKUP(AI1,'Smoothed Median Creatinine'!$A$2:$C$102,3,FALSE))))),\"\")","v":""},{"$f":"IF(AND(ISBLANK(AJ121)=FALSE,ISBLANK(AJ122)=FALSE,ISBLANK(AJ1)=FALSE),(AJ121/(AJ122/(IF($B$13 = \"Female\", VLOOKUP(AJ1,'Smoothed Median Creatinine'!$A$2:$C$102,2,FALSE),VLOOKUP(AJ1,'Smoothed Median Creatinine'!$A$2:$C$102,3,FALSE))))),\"\")","v":""},{"$f":"IF(AND(ISBLANK(AK121)=FALSE,ISBLANK(AK122)=FALSE,ISBLANK(AK1)=FALSE),(AK121/(AK122/(IF($B$13 = \"Female\", VLOOKUP(AK1,'Smoothed Median Creatinine'!$A$2:$C$102,2,FALSE),VLOOKUP(AK1,'Smoothed Median Creatinine'!$A$2:$C$102,3,FALSE))))),\"\")","v":""},{"$f":"IF(AND(ISBLANK(AL121)=FALSE,ISBLANK(AL122)=FALSE,ISBLANK(AL1)=FALSE),(AL121/(AL122/(IF($B$13 = \"Female\", VLOOKUP(AL1,'Smoothed Median Creatinine'!$A$2:$C$102,2,FALSE),VLOOKUP(AL1,'Smoothed Median Creatinine'!$A$2:$C$102,3,FALSE))))),\"\")","v":""},{"$f":"IF(AND(ISBLANK(AM121)=FALSE,ISBLANK(AM122)=FALSE,ISBLANK(AM1)=FALSE),(AM121/(AM122/(IF($B$13 = \"Female\", VLOOKUP(AM1,'Smoothed Median Creatinine'!$A$2:$C$102,2,FALSE),VLOOKUP(AM1,'Smoothed Median Creatinine'!$A$2:$C$102,3,FALSE))))),\"\")","v":""},{"$f":"IF(AND(ISBLANK(AN121)=FALSE,ISBLANK(AN122)=FALSE,ISBLANK(AN1)=FALSE),(AN121/(AN122/(IF($B$13 = \"Female\", VLOOKUP(AN1,'Smoothed Median Creatinine'!$A$2:$C$102,2,FALSE),VLOOKUP(AN1,'Smoothed Median Creatinine'!$A$2:$C$102,3,FALSE))))),\"\")","v":""},{"$f":"IF(AND(ISBLANK(AO121)=FALSE,ISBLANK(AO122)=FALSE,ISBLANK(AO1)=FALSE),(AO121/(AO122/(IF($B$13 = \"Female\", VLOOKUP(AO1,'Smoothed Median Creatinine'!$A$2:$C$102,2,FALSE),VLOOKUP(AO1,'Smoothed Median Creatinine'!$A$2:$C$102,3,FALSE))))),\"\")","v":""},{"$f":"IF(AND(ISBLANK(AP121)=FALSE,ISBLANK(AP122)=FALSE,ISBLANK(AP1)=FALSE),(AP121/(AP122/(IF($B$13 = \"Female\", VLOOKUP(AP1,'Smoothed Median Creatinine'!$A$2:$C$102,2,FALSE),VLOOKUP(AP1,'Smoothed Median Creatinine'!$A$2:$C$102,3,FALSE))))),\"\")","v":""},{"$f":"IF(AND(ISBLANK(AQ121)=FALSE,ISBLANK(AQ122)=FALSE,ISBLANK(AQ1)=FALSE),(AQ121/(AQ122/(IF($B$13 = \"Female\", VLOOKUP(AQ1,'Smoothed Median Creatinine'!$A$2:$C$102,2,FALSE),VLOOKUP(AQ1,'Smoothed Median Creatinine'!$A$2:$C$102,3,FALSE))))),\"\")","v":""},{"$f":"IF(AND(ISBLANK(AR121)=FALSE,ISBLANK(AR122)=FALSE,ISBLANK(AR1)=FALSE),(AR121/(AR122/(IF($B$13 = \"Female\", VLOOKUP(AR1,'Smoothed Median Creatinine'!$A$2:$C$102,2,FALSE),VLOOKUP(AR1,'Smoothed Median Creatinine'!$A$2:$C$102,3,FALSE))))),\"\")","v":""},{"$f":"IF(AND(ISBLANK(AS121)=FALSE,ISBLANK(AS122)=FALSE,ISBLANK(AS1)=FALSE),(AS121/(AS122/(IF($B$13 = \"Female\", VLOOKUP(AS1,'Smoothed Median Creatinine'!$A$2:$C$102,2,FALSE),VLOOKUP(AS1,'Smoothed Median Creatinine'!$A$2:$C$102,3,FALSE))))),\"\")","v":""},{"$f":"IF(AND(ISBLANK(AT121)=FALSE,ISBLANK(AT122)=FALSE,ISBLANK(AT1)=FALSE),(AT121/(AT122/(IF($B$13 = \"Female\", VLOOKUP(AT1,'Smoothed Median Creatinine'!$A$2:$C$102,2,FALSE),VLOOKUP(AT1,'Smoothed Median Creatinine'!$A$2:$C$102,3,FALSE))))),\"\")","v":""},{"$f":"IF(AND(ISBLANK(AU121)=FALSE,ISBLANK(AU122)=FALSE,ISBLANK(AU1)=FALSE),(AU121/(AU122/(IF($B$13 = \"Female\", VLOOKUP(AU1,'Smoothed Median Creatinine'!$A$2:$C$102,2,FALSE),VLOOKUP(AU1,'Smoothed Median Creatinine'!$A$2:$C$102,3,FALSE))))),\"\")","v":""},{"$f":"IF(AND(ISBLANK(AV121)=FALSE,ISBLANK(AV122)=FALSE,ISBLANK(AV1)=FALSE),(AV121/(AV122/(IF($B$13 = \"Female\", VLOOKUP(AV1,'Smoothed Median Creatinine'!$A$2:$C$102,2,FALSE),VLOOKUP(AV1,'Smoothed Median Creatinine'!$A$2:$C$102,3,FALSE))))),\"\")","v":""},{"$f":"IF(AND(ISBLANK(AW121)=FALSE,ISBLANK(AW122)=FALSE,ISBLANK(AW1)=FALSE),(AW121/(AW122/(IF($B$13 = \"Female\", VLOOKUP(AW1,'Smoothed Median Creatinine'!$A$2:$C$102,2,FALSE),VLOOKUP(AW1,'Smoothed Median Creatinine'!$A$2:$C$102,3,FALSE))))),\"\")","v":""},{"$f":"IF(AND(ISBLANK(AX121)=FALSE,ISBLANK(AX122)=FALSE,ISBLANK(AX1)=FALSE),(AX121/(AX122/(IF($B$13 = \"Female\", VLOOKUP(AX1,'Smoothed Median Creatinine'!$A$2:$C$102,2,FALSE),VLOOKUP(AX1,'Smoothed Median Creatinine'!$A$2:$C$102,3,FALSE))))),\"\")","v":""},{"$f":"IF(AND(ISBLANK(AY121)=FALSE,ISBLANK(AY122)=FALSE,ISBLANK(AY1)=FALSE),(AY121/(AY122/(IF($B$13 = \"Female\", VLOOKUP(AY1,'Smoothed Median Creatinine'!$A$2:$C$102,2,FALSE),VLOOKUP(AY1,'Smoothed Median Creatinine'!$A$2:$C$102,3,FALSE))))),\"\")","v":""}]
[]
["Adrenals","HPA"]
[null,"ACTH (pmol/L)","< 10",null,"< 10 "]
[null,"am Cortisol (blood) (nmol/L)","200 - 650 ",{"$f":"IF(ISBLANK(H1),\"\",IF(H1<35,'Cortisol and DHEAS Ref Ranges'!B2,IF(H1<50, 'Cortisol and DHEAS Ref Ranges'!B3, IF(H1<75, 'Cortisol and DHEAS Ref Ranges'!B4, 'Cortisol and DHEAS Ref Ranges'!B5))))","v":""},"200 - 650",{"$f":"IF(ISBLANK(H1),\"\", IF(H1<35,'Cortisol and DHEAS Ref Ranges'!C2,IF(H1<50, 'Cortisol and DHEAS Ref Ranges'!C3, IF(H1<75, 'Cortisol and DHEAS Ref Ranges'!C4, 'Cortisol and DHEAS Ref Ranges'!C5))))","v":""}]
[null,"pm Cortisol (blood) (nmol/L)","Click cell for ref. range",null,"Click cell for ref. range"]
[null,"Cortisol:ACTH (nmol/pmol)",null,"15-125",null,"15-125",null,{"$f":"IF(OR(ISBLANK(H126),ISBLANK(H127)),\"\",ROUND(H127/H126,3))","v":""},{"$f":"IF(OR(ISBLANK(I126),ISBLANK(I127)),\"\",ROUND(I127/I126,3))","v":""},"","","","","","","","","","","","","","","","","","","","","","","","","","","","","","","","","","","","","","","","","","",""]
[null,"DHEAs (umol/L)","1 - 11 pre-menopausal",{"$f":"IF(ISBLANK(H1),\"\",IF(H1<18,\"\",IF(H1<=30,\"2.25-10.2\",IF(H1<=40,\"1.22-8.01\",IF(H1<=50,\"0.73-6.51\",IF(H1<=60,\"0.43-5.29\",IF(H1<=70,\"0.26-4.32\",\"0.14-3.37\")))))))","v":""},"age dependent'",{"$f":"IF(ISBLANK(H1),\"\",IF(H1<18,\"\",IF(H1<=30,\"2.85-19.76\",IF(H1<=40,\"1.55-14.17\",IF(H1<=50,\"0.92-10.72\",IF(H1<=60,\"0.54-8.12\",IF(H1<=70,\"0.33-7.52\",\"0.18-4.4\")))))))","v":""}]
[null,"Cortisol:DHEAs (ng/ng)",null,"<0.1",null,"<0.1",null,{"$f":"IF(OR(ISBLANK(H130),ISBLANK(H127)),\"\", (H127*362.46)/(H130*1000*368.4876))","v":""},{"$f":"IF(OR(ISBLANK(I130),ISBLANK(I127)),\"\", (I127*362.46)/(I130*1000*368.4876))","v":""},"","","","","","","","","","","","","","","","","","","","","","","","","","","","","","","","","","","","","","","","","","",""]
[]
[null,"Additional Relevant Results"]
[null,"Vitamin D (250HD) (nmol/L)","50 - 200","≥ 70","50 - 200","≥70"]
[null,"Season? Estimated Sun Exposure?"]
[]
[]
[]
[]
[]
[]
[]
[]
[]
[]
[]
[]
[]
[]
[]
[]
[]
[]
[]
[]
[]
[]
[]
[]
[]
[]
[]
[]
[]
[]
[]
[]
[]
[]
[]
[]
[]
[]
[]
[]
[]
[]
[]
[]
[]
[]
[]
[]
[]
[]
[]
[]
[]
[]
[]
[]
[]
[]
[]
["FAST"]
["FED"]
["UNKNOWN"]

{"sheet":"Cortisol and DHEAS Ref Ranges","index":1,"n_rows":5,"n_cols":3,"rows_kept":5,"cut":false,"hidden":true,"merged":[]}
[null,"Female Median","Male Median"]
["<35",353,339]
["<50",332,335]
["<75",360,353]
[">75",449,419]

{"sheet":"Instructions For Use","index":2,"n_rows":14,"n_cols":2,"rows_kept":14,"cut":false,"hidden":false,"merged":[[3,0,5,6],[8,0,8,6],[11,0,11,6]]}
[null,"RAN Pathology template editing instructions"]
[]
["How to copy pathology from an old template:"]
["Copy (*do not cut*) the data row by row (or in blocks where both pathology templates are the same) and paste into the new spreadsheet against the corresponding row/s (ensuring you are pasting into the correct column).  Because data can be different column to column it is best to start at the same column every time, regardless of whether there is data in it or not."]
[]
[]
[]
["Inserting a column where there is already data:"]
["To insert a column, because of the protection element, you must copy (*do not cut*) all of the columns to the right of where you want to insert the column and then paste them one column across, then delete the data from the column that you are inserting new data into.  For example, if you want to insert a new column between column H & I, copy from column I to the right (J,K etc) and paste into column J (and the columns to the right will automatically fill). Then go back to column I and delete the data (that is now in column J).  Once you have done this with all the data, then you should have a blank column I, and intact formulas.  Insert data as normal. This is a little fiddly as you can only do a section at a time because you cannot copy formula rows, however it shouldn’t take too long to do."]
[]
[]
["Note: Cutting the data and pasting it elsewhere will affect the formulas within the template, so please only copy and paste data, then, if necessary, delete the copied data."]
[]
["If you require additional help, please contact the RAN Admin team for assistance at admin@rachelarthur.com.au"]

{"sheet":"Smoothed Median Creatinine","index":3,"n_rows":102,"n_cols":3,"rows_kept":102,"cut":false,"hidden":true,"merged":[]}
["Age (Years)","Smoothed Median Creatinine Female","Smoothed Median Creatinine Male"]
[0,1.5,2.5]
[1,2.2000000000000002,2.8]
[2,3,3.3]
[3,3.8,3.8]
[4,4.5999999999999996,4.4000000000000004]
[5,5.4,5.0999999999999996]
[6,6.1,5.9]
[7,6.8,6.6]
[8,7.5,7.4]
[9,8.1,8.1]
[10,8.6,8.9]
[11,9.1,9.6]
[12,9.5,10.3]
[13,9.8000000000000007,10.9]
[14,10,11.5]
[15,10.199999999999999,12.4]
[16,10.199999999999999,13.1]
[17,10.199999999999999,13.6]
[18,10.199999999999999,14]
[19,10,14]
[20,9.9,14]
[21,9.8000000000000007,13.8]
[22,9.6,13.7]
[23,9.4,13.5]
[24,9.3000000000000007,13.3]
[25,9.1,13.1]
[26,9,13]
[27,8.9,12.9]
[28,8.6999999999999993,12.8]
[29,8.6,12.7]
[30,8.5,12.6]
[31,8.3000000000000007,12.5]
[32,8.1999999999999993,12.5]
[33,8.1,12.4]
[34,7.9,12.4]
[35,7.8,12.3]
[36,7.7,12.2]
[37,7.6,12.1]
[38,7.5,12.1]
[39,7.4,12]
[40,7.3,11.9]
[41,7.2,11.8]
[42,7.1,11.7]
[43,7,11.7]
[44,7,11.6]
[45,6.9,11.5]
[46,6.8,11.4]
[47,6.8,11.4]
[48,6.7,11.3]
[49,6.6,11.2]
[50,6.6,11.1]
[51,6.5,11]
[52,6.5,11]
[53,6.4,10.9]
[54,6.4,10.8]
[55,6.3,10.7]
[56,6.3,10.7]
[57,6.2,10.6]
[58,6.2,10.5]
[59,6.1,10.4]
[60,6,10.3]
[61,6,10.199999999999999]
[62,5.9,10.199999999999999]
[63,5.8,10.1]
[64,5.7,10]
[65,5.7,9.9]
[66,5.6,9.6999999999999993]
[67,5.5,9.6]
[68,5.4,9.5]
[69,5.3,9.4]
[70,5.2,9.3000000000000007]
[71,5.0999999999999996,9.1]
[72,5,9]
[73,4.9000000000000004,8.9]
[74,4.8,8.6999999999999993]
[75,4.7,8.6]
[76,4.5999999999999996,8.4]
[77,4.5,8.3000000000000007]
[78,4.4000000000000004,8.1]
[79,4.3,7.9]
[80,4.2,7.7]
[81,4.2,7.6]
[82,4.0999999999999996,7.4]
[83,4.0999999999999996,7.2]
[84,4.0999999999999996,7]
[85,4.0999999999999996,6.8]
[86,4.0999999999999996,6.6]
[87,4.0999999999999996,6.5]
[88,4.0999999999999996,6.3]
[89,4.0999999999999996,6.1]
[90,4.0999999999999996,5.9]
[91,4.0999999999999996,5.8]
[92,4.0999999999999996,5.6]
[93,4.0999999999999996,5.5]
[94,4.0999999999999996,5.3]
[95,4.0999999999999996,5.2]
[96,4.0999999999999996,5.0999999999999996]
[97,4.0999999999999996,5]
[98,4.0999999999999996,4.9000000000000004]
[99,4.0999999999999996,4.9000000000000004]
[100,4.0999999999999996,4.8]

{"sheet":"Sheet1","index":4,"n_rows":0,"n_cols":0,"rows_kept":0,"cut":false,"hidden":true,"merged":[]}

{"sheet":"Sheet2","index":5,"n_rows":20,"n_cols":9,"rows_kept":20,"cut":false,"hidden":true,"merged":[]}
[null,null,null,null,null,null,null,"13/10",22.099999999999994]
[null,null,"CAL RESTR.",null,"ON OCP incl. E2",null,"Male","26/10",""]
[null,null,"GFDF",null,"ON OCP excl. E2",null,"Female","19/12",""]
[null,null,"GF",null,"IUD (Cu)"]
["HYDRATED",null,"DF",null,"IUD (Prog)"]
["DEHYDRATED",null,"INT. FASTING",null,"AMENORRH."]
["UNKNOWN",null,"KETOGENIC",null,"AMENORR. Tx-IND."]
["RESTED",null,"LOW CHO",null,"OLIGOMEN."]
["UNRESTED",null,"LOW FAT",null,"MENORRH."]
["UNKNOWN",null,"OMNIVORE",null,"DYSMENORRH. "]
[null,null,"PALEO",null,"PREG 1st Tri"]
[null,null,"~ PROTEIN",null,"PREG 2nd Tri"]
["FED (<8hrs)",null,"↑PROTEIN",null,"PREG 3rd Tri"]
["FAST (8-12hrs)",null,"↓ PROTEIN",null,"BR/FEEDING"]
["XS FAST >12hr",null,"PESCATARIAN",null,"6 MO PP NO B/F"]
["UNKNOWN",null,"SAD",null,"MENOPAUSE"]
[null,null,"VEGAN",null,"PERIMENO."]
[null,null,"VEGETARIAN",null,"ON HRT incl. E2"]
[null,null,"~ PROT. VEGO",null,"ON HRT excl. E2"]
[null,null,"↓ PROT. VEGO"]